 of p?
0
Let j be ((-8)/6)/(10/30). Let f be 2/j - (-436)/(-8). Let t = f - -103. What is the units digit of t?
8
Let r(f) = f**3 + 4*f**2 - 5*f + 2. Let i be -2*5*(-2)/4. Suppose 4*q - 2*k + 25 = i, 4*q = -3*k - 20. What is the units digit of r(q)?
2
Let m(x) = x**2 - 32. Let s be m(6). Suppose -j = 3*t - 50, s*t = 8*j - 4*j - 136. What is the units digit of j?
8
Suppose -m - 3 = -6. Suppose -3*n + 113 = 4*z, -z + 5*z + 5*n = 119. Suppose i - m = z. What is the units digit of i?
9
Suppose 0 = -7*l + 4*l + 12. Suppose -44 = -m + c, c + 142 = -m + l*m. What is the units digit of m?
9
Suppose -z - 3*u - 48 = 0, -3*u = 2*z + u + 104. Let f = 128 + z. What is the units digit of f?
8
Let d be (-154)/(-10) + (-6)/(-10). Let t = 1 + d. Let s = -5 + t. What is the units digit of s?
2
Let n be (-14)/(-8) + (-9)/(-36). Let x be (n - -2)/(-10 + 8). What is the units digit of -2 - -6 - (x + -55)?
1
Let c(l) = -l**3 + 8*l**2 - 5*l - 16. Let j be c(7). Let h be 27625/(-15) - j/3. What is the units digit of (-6)/8 - h/28?
5
Let v(t) = -t + 15. Let z be v(-6). Let x = -4 + z. What is the units digit of x?
7
Let g(t) = 18*t**2 - 34*t - 86. What is the thousands digit of g(-11)?
2
Let n(m) = -m**3 + 7*m**2 - 5*m - 3. Let j be n(6). Suppose -229 = j*a + 4*x - 0*x, 223 = -3*a + 2*x. What is the units digit of (-1635)/a + (-8)/10?
1
Suppose q + 4*q - 354 = -3*o, -4*o - 296 = -4*q. What is the units digit of (1 - -1)/(16/q)?
9
Let k = 1322 + 834. Suppose k = 17*y - 6*y. What is the hundreds digit of y?
1
Let k(h) = 4*h**2 - 9*h - 3. Let a(r) = -3*r**2 + 9*r + 2. Let z(q) = -5*a(q) - 4*k(q). What is the units digit of z(-8)?
0
What is the units digit of (22/(-44))/((-2)/15508)?
7
Let q = 3367 - -175. What is the thousands digit of q?
3
Suppose 10*i + 57 = 15*i - 2*f, 0 = -5*i - 3*f + 52. What is the units digit of i?
1
Suppose 0 = 2*n + n - 9. Suppose 60 = 2*a + n*a. Suppose -3*v + a = 3*x, 0 = -x + 5*v - 3*v + 16. What is the units digit of x?
8
Let i(k) = k**3 + 11*k**2 + 17*k + 14. Let m be i(-9). Let f(l) = 6*l - 45. What is the tens digit of f(m)?
9
Let t = 1773 + -942. What is the tens digit of t?
3
Let k(h) = 5*h - 46. Let y be k(9). What is the tens digit of (4/1 + 181)*(0 - y)?
8
Let v(i) = -i**2 - 16*i + 15. Let w be v(-16). Let n = -10 + w. What is the units digit of n?
5
Suppose -10*p + 2*p + 4544 = 0. What is the tens digit of p?
6
Let f = -443 + 1322. What is the hundreds digit of f?
8
Let t(o) = o**3 - 7*o**2 - o - 9. Let l be t(7). Let d = 60 + l. What is the tens digit of d?
4
Let s(n) be the third derivative of n**4/12 - 5*n**3/2 - 13*n**2. Let a be s(4). Let j(x) = -12*x - 12. What is the tens digit of j(a)?
7
Suppose -3*g + c + 1503 = 0, 3*c = -3*g + 2*c + 1497. What is the tens digit of g?
0
Let r(n) = 25*n**3 + 25 + 9 - 26*n**3. Let o be r(0). Suppose -o = 11*a - 12*a. What is the tens digit of a?
3
Let l(t) = 109*t - 10. Suppose 94*x - 93*x = 3. What is the tens digit of l(x)?
1
Let r(z) = z**3 - 6*z**2 + 6*z - 2. Let v be r(5). Suppose v*j = j + 14. Suppose j = -o + 4*x + 43, -2*x = 3*o - 94. What is the tens digit of o?
3
Let a(t) = -32*t**3 + 2*t + 5. What is the tens digit of a(-5)?
9
Let n(a) = a**2 + 14*a + 2. Let h be n(-14). Suppose d + 3*l = 15, 0*d = -h*d - l + 55. What is the tens digit of d?
3
Let d(u) = -121*u - 553. What is the thousands digit of d(-31)?
3
Let j be (-36)/((-3)/(-18)*(-8)/2). Let f = -29 + j. What is the units digit of f?
5
Let b = -356 - -2335. What is the hundreds digit of b?
9
Suppose 4*i + h + 3 = 27, 0 = 2*i - 2*h - 22. Let x(q) = 24*q - 1. What is the tens digit of x(i)?
6
Suppose 4*j - 6*j = -28. Suppose -4 = -h - j. Let l(n) = -3*n - 4. What is the units digit of l(h)?
6
Let y be -15 + 78 - (-28)/(-4). Let p(o) = o + 1. Let c be p(2). Suppose -5*s - j + 159 = -3*j, -c*j + y = 2*s. What is the units digit of s?
1
Let i(t) = 8*t**2 + 21*t + 148. What is the tens digit of i(-13)?
2
Let p = 0 + 13. Let f = 13 - p. Suppose f = 5*h - 171 - 14. What is the units digit of h?
7
Suppose -4*f + 7 = -1. Suppose 4*o + 8 = -0*o, -f*o - 64 = 3*r. Let i = -10 - r. What is the units digit of i?
0
Let i(w) = 2*w**2 - 48*w + 285. What is the units digit of i(33)?
9
Let k = 2281 + -1301. What is the units digit of k?
0
What is the hundreds digit of 171435/396 - (-2)/24?
4
Suppose -5*t + 1332 = 2442. Suppose -2*a + 2*r - 314 = -0*r, -2*a + 4*r = 318. Let b = a - t. What is the units digit of b?
7
Suppose 27*w = 3378 + 19626. What is the hundreds digit of w?
8
Let z = 2 + -1. Let m(j) = 161*j + 13. Let n(o) = 81*o + 7. Let b(x) = 6*m(x) - 11*n(x). What is the units digit of b(z)?
6
Let n(o) = -o**3 + 14*o**2 - 4*o + 9. Let d be 1*((4/1)/(-2) + 15). What is the units digit of n(d)?
6
Let j = 137 + -134. Suppose 5*g + 720 = 2*p + j*p, p - 2*g = 143. What is the units digit of p?
5
Suppose 0 = -17*c + 30*c - 936. What is the units digit of c?
2
Let f(v) = 19 + 8*v + 21 - 3*v - 4*v. What is the tens digit of f(16)?
5
Let p be 60/(-50)*(-20)/3. Suppose p = 2*i, 4*v + 31 - 167 = -4*i. Suppose -3*y + 5*q - v = -4*y, -y - q + 10 = 0. What is the units digit of y?
5
Let v = -292 - -811. What is the hundreds digit of v?
5
Suppose 28 = 5*k + 18. What is the units digit of (-91 + 5)*k/(-4)?
3
Let m = 33 + -28. Suppose -170 = -m*s + 3*o + 90, 0 = -4*s + 5*o + 195. What is the units digit of 4422/s - 4/10?
0
Let z(d) = 18*d**2 + 3*d + 3. Suppose -w - 4*l + 19 = 0, 2*w + l = 3*l - 12. What is the units digit of z(w)?
8
Let u(b) = 56*b**3 + b**2 + 8*b - 3. What is the thousands digit of u(4)?
3
Let b = -2526 - -2995. What is the units digit of b?
9
Let w = -6 + 13. Let f(p) = 7*p + 3. What is the units digit of f(w)?
2
Suppose -7*v + 31 = -74. Let g(n) = 2*n**2 - 19*n - 34. What is the hundreds digit of g(v)?
1
Let y = 43 - -20. What is the units digit of (-3 + 5)*y/2?
3
Let o(y) = -21*y + 7*y**2 + 17*y - 8*y**2 - 14 - 20*y. What is the units digit of o(-20)?
6
What is the units digit of 5/4 + 17584/64?
6
Suppose 0 = 5*s - 20. Let m = 3 - s. What is the tens digit of ((-3)/(-1) - -11) + m?
1
Let h = -8 - -2. Let t(i) = -4*i**2 - 6*i**2 + 8*i + 4 + 12*i**2. What is the units digit of t(h)?
8
Suppose 2*f - 2*i = -8, f - 2*i = 2*f - 2. Let w be f/10 + (-2439)/(-45). What is the tens digit of (w/15)/((-3)/(-20))?
2
Let f be (-15)/(-20) - 10/(-8). What is the units digit of 29*(-3 + (8 - f))?
7
Let k(z) = z**2 - 21*z - 90. What is the units digit of k(-45)?
0
Suppose 4*n = 2*a + 1948, -2*a = -2*n + 141 + 835. What is the hundreds digit of n?
4
Suppose -4*x = 5*l - 5, 5*x = -2*l + 6*l - 4. Let a be 3 + (1 - (0 + x)). What is the tens digit of (-18 - (1 - a))/(-1)?
1
Let m = -47 - -33. Let n(y) = y**3 + 15*y**2 + 6*y - 10. What is the hundreds digit of n(m)?
1
Let a(r) = -r**3 + r + 13. Let l be a(0). Let h = l + -10. What is the units digit of 4*-1 - (-63)/h?
7
Let j(h) = 5*h**3 + 5*h**2 - 2*h - 11. Let l(i) = 4*i**3 + 6*i**2 - 3*i - 11. Let g(m) = -3*j(m) + 4*l(m). What is the tens digit of g(-7)?
2
Suppose a - 5 = 10. What is the units digit of (12/a)/(2/195)?
8
Let h be (-4)/(-8) - (-1)/(-2). Suppose 2*m - 4*m + 148 = h. What is the tens digit of m?
7
Let r(o) = -o**3 - 17*o**2 - 30*o - 2. Let z be r(-15). Let u(b) = -20*b**3 - 3*b**2 + b - 3. What is the tens digit of u(z)?
4
Let r(w) = w**2 - 3*w - 2. Let l be r(3). What is the tens digit of (1 - 231/(-12)) + l/8?
2
Let q be (68/1)/(-8 + 6). What is the tens digit of ((-85)/q)/(1/10)?
2
Suppose -2*v - g + 682 = -620, -2*g - 4 = 0. What is the units digit of v?
2
Let n(x) = -102*x - 22. What is the units digit of n(-5)?
8
Let d = 8 - 6. Suppose j + 6 - d = 2*k, 4*k = 3*j + 4. What is the units digit of k/(-2)*14/(-4)?
7
Suppose 19 = 2*r + 2*r - j, 2*r + 4*j = -4. Suppose 2*u - h = 36, 3*h = r*u - u - 60. What is the tens digit of u?
1
Suppose -8*f + 44 - 4 = 0. Suppose 5*d - 6*d = 2*c - 139, 5*c - f*d - 325 = 0. What is the units digit of c?
8
What is the hundreds digit of 1410*(33/(-5) - -7)?
5
Let m be (40/(-25))/(2/(-5)). Suppose 5*q + m = 7*q. Suppose -5*n = -q*n - 108. What is the tens digit of n?
3
Let q(r) = r**3 + 11*r**2 + 8*r + 14. What is the units digit of q(-6)?
6
Let i = 239 - 1. Let z = i - 140. What is the units digit of z?
8
Let t = 12 - 9. Suppose t*k = -y + 36, -5*y + k +